1270.
2, 5, 7, 29, 109
List the prime factors of 4768312.
2, 509, 1171
What are the prime factors of 6728731?
6728731
What are the prime factors of 1775088?
2, 3, 7, 587
List the prime factors of 1350083.
7, 19, 10151
List the prime factors of 777899.
877, 887
List the prime factors of 6595094.
2, 11, 299777
List the prime factors of 175365.
3, 5, 433
What are the prime factors of 252769?
11, 2089
What are the prime factors of 134254?
2, 19, 3533
List the prime factors of 2107629.
3, 234181
List the prime factors of 18573557.
31, 599147
What are the prime factors of 1425726?
2, 3, 103, 769
What are the prime factors of 419257?
211, 1987
What are the prime factors of 2795319?
3, 310591
List the prime factors of 119928.
2, 3, 19, 263
What are the prime factors of 739590?
2, 3, 5, 89, 277
What are the prime factors of 8746654?
2, 7, 191, 3271
What are the prime factors of 213703?
7, 30529
What are the prime factors of 2377078?
2, 11, 167, 647
List the prime factors of 21485579.
73, 89, 3307
List the prime factors of 2702813.
17, 37, 4297
List the prime factors of 276290.
2, 5, 7, 3947
List the prime factors of 2316373.
2316373
List the prime factors of 186591.
3, 37, 41
List the prime factors of 1882406.
2, 19, 49537
List the prime factors of 289905.
3, 5, 7, 11, 251
List the prime factors of 21297680.
2, 5, 266221
What are the prime factors of 17694651?
3, 13, 453709
List the prime factors of 4992239.
7, 713177
List the prime factors of 6320422.
2, 3160211
List the prime factors of 755222.
2, 13, 31, 937
List the prime factors of 7161452.
2, 1790363
List the prime factors of 33927.
3, 43, 263
What are the prime factors of 1284823?
1284823
What are the prime factors of 203419?
203419
List the prime factors of 81804.
2, 3, 17, 401
List the prime factors of 7432786.
2, 3716393
What are the prime factors of 409730?
2, 5, 40973
What are the prime factors of 497544?
2, 3, 20731
What are the prime factors of 1583212?
2, 395803
What are the prime factors of 7677258?
2, 3, 877, 1459
What are the prime factors of 4222461?
3, 1407487
List the prime factors of 109504.
2, 29, 59
What are the prime factors of 24372041?
19, 1282739
What are the prime factors of 1173431?
7, 167633
What are the prime factors of 15066914?
2, 7533457
What are the prime factors of 1956073?
7, 103, 2713
List the prime factors of 281802.
2, 3, 67, 701
List the prime factors of 10576617.
3, 3525539
What are the prime factors of 14078541?
3, 4692847
What are the prime factors of 1787598?
2, 3, 47, 2113
List the prime factors of 446045.
5, 89209
What are the prime factors of 1869554?
2, 43, 21739
What are the prime factors of 10605061?
397, 26713
What are the prime factors of 194809?
194809
List the prime factors of 26406.
2, 3, 163
What are the prime factors of 560105?
5, 7, 13, 1231
What are the prime factors of 7747542?
2, 3, 11, 13043
What are the prime factors of 137482?
2, 53, 1297
List the prime factors of 1115309.
13, 85793
What are the prime factors of 9063188?
2, 2265797
What are the prime factors of 29871946?
2, 13, 1148921
List the prime factors of 58276.
2, 17, 857
List the prime factors of 269114.
2, 239, 563
List the prime factors of 3916466.
2, 1958233
What are the prime factors of 6633768?
2, 3, 47, 5881
What are the prime factors of 2646562?
2, 1323281
List the prime factors of 239317.
13, 41, 449
What are the prime factors of 1280258?
2, 7, 19, 4813
What are the prime factors of 47039?
17, 2767
What are the prime factors of 411827?
13, 79, 401
List the prime factors of 2552517.
3, 11, 19, 23, 59
List the prime factors of 1937131.
7, 127, 2179
What are the prime factors of 1787124?
2, 3, 148927
List the prime factors of 5404464.
2, 3, 13, 2887
List the prime factors of 176734.
2, 97, 911
What are the prime factors of 5426923?
181, 29983
List the prime factors of 3278985.
3, 5, 218599
List the prime factors of 865854.
2, 3, 11, 4373
What are the prime factors of 653565?
3, 5, 11, 17, 233
What are the prime factors of 2655514?
2, 1019, 1303
List the prime factors of 14846236.
2, 17, 109, 2003
List the prime factors of 17086.
2, 8543
What are the prime factors of 7020673?
11, 61, 10463
List the prime factors of 194152.
2, 7, 3467
What are the prime factors of 184823?
184823
What are the prime factors of 14281226?
2, 491, 14543
What are the prime factors of 306738?
2, 3, 17041
What are the prime factors of 3460535?
5, 13, 53239
List the prime factors of 23577751.
71, 332081
What are the prime factors of 93321?
3, 10369
List the prime factors of 113494.
2, 56747
What are the prime factors of 5195109?
3, 1731703
What are the prime factors of 1354452?
2, 3, 11, 31, 331
List the prime factors of 21404.
2, 5351
List the prime factors of 1648607.
1277, 1291
What are the prime factors of 14103117?
3, 7, 23, 9733
List the prime factors of 264317.
101, 2617
List the prime factors of 730679.
730679
List the prime factors of 19738322.
2, 163, 191, 317
List the prime factors of 975222.
2, 3, 17, 3187
What are the prime factors of 60256?
2, 7, 269
List the prime factors of 438260.
2, 5, 17, 1289
List the prime factors of 5213656.
2, 7, 157, 593
List the prime factors of 5420206.
2, 11, 19, 12967
List the prime factors of 9980216.
2, 1247527
List the prime factors of 291160.
2, 5, 29, 251
What are the prime factors of 9613271?
9613271
What are the prime factors of 128115?
3, 5, 13, 73
What are the prime factors of 10295881?
23, 239, 1873
What are the prime factors of 1078262?
2, 443, 1217
What are the prime factors of 28356617?
4127, 6871
List the prime factors of 2339213.
113, 127, 163
What are the prime factors of 2050318?
2, 37, 103, 269
What are the prime factors of 154762?
2, 223, 347
What are the prime factors of 6678950?
2, 5, 31, 139
List the prime factors of 268613.
268613
What are the prime factors of 1318132?
2, 329533
What are the prime factors of 353223?
3, 13, 3019
List the prime factors of 2928551.
1301, 2251
What are the prime factors of 70499?
11, 13, 17, 29
List the prime factors of 351478.
2, 31, 5669
What are the prime factors of 18206934?
2, 3, 3034489
What are the prime factors of 5036795?
5, 1007359
List the prime factors of 21998697.
3, 7, 17, 8803
What are the prime factors of 131370?
2, 3, 5, 29, 151
List the prime factors of 129613.
11, 11783
List the prime factors of 672813.
3, 24919
List the prime factors of 2014781.
41, 157, 313
What are the prime factors of 1289599?
1289599
What are the prime factors of 146898?
2, 3, 8161
List the prime factors of 456147.
3, 50683
List the prime factors of 9532328.
2, 13, 151, 607
List the prime factors of 62136.
2, 3, 863
List the prime factors of 2938689.
3, 13, 25117
What are the prime factors of 1090021?
1090021
What are the prime factors of 5805160?
2, 5, 17, 8537
What are the prime factors of 1038990?
2, 3, 5, 59, 587
List the prime factors of 16724110.
2, 5, 13, 103, 1249
List the prime factors of 15287560.
2, 5, 382189
What are the prime factors of 993921?
3, 331307
What are the prime factors of 1540195?
5, 23, 59, 227
What are the prime factors of 29909?
11, 2719
List the prime factors of 750965.
5, 150193
List the prime factors of 340023.
3, 113341
What are the prime factors of 1165341?
3, 23, 16889
List the prime factors of 663205.
5, 23, 73, 79
What are the prime factors of 7306592?
2, 228331
What are the prime factors of 70955?
5, 23, 617
List the prime factors of 9320941.
7, 757, 1759
What are the prime factors of 3781227?
3, 191, 6599
List the prime factors of 5978533.
11, 543503
List the prime factors of 241280.
2, 5, 13, 29
What are the prime factors of 204636?
2, 3, 17053
What are the prime factors of 16544193?
3, 19, 290249
List the prime factors of 432235.
5, 137, 631
List the prime factors of 13017021.
3, 383, 11329
List the prime factors of 432862.
2, 216431
What are the prime factors of 7900?
2, 5, 79
List the prime factors of 7415656.
2, 926957
List the prime factors of 1104609.
3, 11, 17, 179
List the prime factors of 45181.
45181
List the prime factors of 1386960.
2, 3, 5, 5779
List the prime factors of 4342989.
3, 7, 73, 2833
What are the prime factors of 13369141?
19, 23, 30593
What are the prime factors of 608641?
11, 55331
List the prime factors of 962940.
2, 3, 5, 11, 1459
What are the p